
Let v = -3145 + 18871/6. Let f(j) be the second derivative of -1/20*j**5 + 0 + v*j**3 - 7/12*j**4 - 1/2*j**2 + 7*j. Calculate f(-7).
-8
Let b(h) be the first derivative of h**2 - 9*h + 11321. Determine b(-6).
-21
Let z(y) = -y**3 - 28*y**2 - 27*y - 60. Let b = -32591 - -32564. Calculate z(b).
-60
Let r = -6 - -3. Suppose 13*t + 54 + 149 = 21. Let k(z) = -34*z. Let f(m) = 7*m. Let i(d) = r*k(d) + t*f(d). Determine i(2).
8
Let l be (-196)/(-9) - 16/(-72). Suppose -5*d - y - y + 4 = 0, 0 = 5*d - 4*y - l. Let b(w) = -6 + 7*w + 13 - w**d - 2. Determine b(6).
11
Let z(t) be the first derivative of t**4/2 + t**2 - t + 2. Suppose y - 5*s + 33 = 0, -47*s + 51 = 8*y - 42*s. Give z(y).
19
Let l be (66/10 - 96/(-240))*30/7. Let q(p) = -5*p**2 + 150*p - 7. Give q(l).
-7
Let l(a) = a**2 + 1238*a - 4973. Let i be l(4). Let r(w) = -w**3 - 3*w**2 + 16*w + 16. What is r(i)?
-14
Let w(m) = m**3 + 17*m**2 + 127*m - 14. Let s(q) = -2*q**2 - 20*q + 3. Let b(y) = 6*s(y) + w(y). Calculate b(-3).
1
Let s(k) = -324*k + 1951. Let i be s(6). Let d(n) = -n + 2. Give d(i).
-5
Let j be 799/282*(0 + (3 - -3)). Let y(v) = v**2 - 18*v + 35. Determine y(j).
18
Let r(f) = 5*f + 48. Let p be r(-8). Suppose -5*q - 5 = s + p, 3*s - 5*q = 21. Let c(w) = 7 + 2*w + 7 + 10 + 7*w**s - 25. Calculate c(1).
8
Suppose 0*a - 20 = o + 3*a, 4*a + 35 = -3*o. Let d be (o + 0)/(-10) + (-28)/(-8). Let z(g) = -2*g**2 + 3*g - 6. Give z(d).
-26
Suppose 19 = 3*p + 4, -2*n = 3*p - 113. Suppose n*w = 50*w. Suppose -16*z + 17*z + 5 = w. Let y(x) = x**3 + 4*x**2 - 3*x + 7. Calculate y(z).
-3
Let d be 214 + ((-14)/4 - 9/(-6)). Let b = 206 - d. Let f(o) = 2*o**3 + 13*o**2 + 5*o - 7. What is f(b)?
-1
Let w(o) = -o**2 - 9*o + 9. Let j = -6196 + 6191. Calculate w(j).
29
Suppose 19*v - 4*v - 210 = -15*v. Let f(x) be the first derivative of 0*x**2 + v + 9*x - 1/3*x**3. Calculate f(0).
9
Let k(p) = -p**2 + 9*p - 11. Let n be (-8 + 11)*(28/(-6) - -8). What is k(n)?
-21
Let w(u) = -u - 2. Suppose 2*f = 2*q + f + 78, 5*q + 213 = -2*f. Let z = q - -41. Suppose -4*n + z*n + 16 = -x, 0 = -5*x - 5*n + 20. Calculate w(x).
-2
Suppose 154*g + 146*g = 288*g + 168. Let h(y) = -y - 7. Determine h(g).
-21
Let y = 4575 - 4569. Let t(z) = -z - 13. What is t(y)?
-19
Let p(v) = 7 - v + 3*v - v + v**2 - 2*v**2. Let j = -109 + 101. Let r(k) = -3*k**2 + 3*k + 20. Let g(h) = j*p(h) + 3*r(h). What is g(3)?
-2
Suppose -4*w + 73 = 3*b, 111 = 5*b - 5*w + w. Suppose 0 = -104*r + 100*r + 28. Suppose -4*v = -b + r. Let y(c) = c**2 - 2*c + 4. Give y(v).
12
Let u(t) = 4*t**3 - 2*t**2 - 5*t - 12. Let l(k) = 17*k**3 - 7*k**2 - 23*k - 46. Let w(i) = 2*l(i) - 9*u(i). What is w(3)?
-5
Let c(z) = -4*z + 129. Let h be ((-31790)/(-1496))/((-13)/(-8) - 1). Give c(h).
-7
Suppose 0 = -2*c - 3*k - 14, 17*k = c + 20*k + 13. Let s(z) = -8*z**3 - 3*z**2 - 10*z - 8. Determine s(c).
7
Let f(w) = w - 2. Let j(o) = -13*o + 55. Let z(s) = 3*f(s) - j(s). What is z(4)?
3
Suppose 0 = -2*t - 8, 92*t = -3*d + 88*t - 1. Let r(x) = x**3 - 6*x**2 + 4*x + 3. Calculate r(d).
-2
Let g be (-29)/10 + 9/(-90). Let x(d) = -3 + 3*d**2 + 24*d - 16*d + d**3 - 11*d. What is x(g)?
6
Let f(t) = -4*t**2 - 1. Let w = -173 - -7. Let r = w + 167. Determine f(r).
-5
Let q(f) be the first derivative of -f**4/4 - f**3 - 5*f**2/2 + 2*f - 43. Give q(-3).
17
Let u(a) = 20*a**2 + 19*a + 5. Let d(c) = -c**2 - 2*c - 1. Let q(o) = -6*d(o) - u(o). Let w be q(-1). Let b(x) = -x**2 - 8*x + 4. Calculate b(w).
16
Let l(r) = -r - 2. Let i be 2/((-4)/16*-2). Let b be (-212)/(-18) + (-48)/(-216). Suppose -i*s = -6*s - b. Give l(s).
4
Let n(k) = -k**2 + 10*k + 8. Let c = 135 - 471. Let a = 348 + c. Calculate n(a).
-16
Let c(a) = -2*a**3 - a**2 - 2*a + 20. Let q(i) = 7*i**3 - 6*i**2 + 23*i - 51. Let v(y) = -4*c(y) - q(y). Give v(-11).
15
Let k(v) be the third derivative of 1/60*v**5 + 1/2*v**3 + 3*v**2 + 5 + 0*v + 0*v**4. Determine k(4).
19
Suppose -5*v + 5*c = -3*v - 4, 3*v - 1 = 5*c. Let t be (v + 7/3)*9 + 4. Let q(b) = -b**3 - 2*b**2 + b + 2. Calculate q(t).
0
Let t(z) be the third derivative of 0 + 3*z**2 - 60*z + z**3 + 1/6*z**4. Give t(0).
6
Suppose -13 = -11*r + 31. Let i(k) = 55*k**2 - k - 6*k + r - k - 53*k**2. Determine i(5).
14
Let m(k) be the third derivative of k**6/120 - k**5/60 - 8*k**3/3 - 2*k**2 + 2*k - 4406. Suppose 2*b = -0*b. Give m(b).
-16
Let m(n) = n**2 - 3*n - 3. Suppose 0 = 7*u - 2*u + 605. Let x be 1837/u + (-2)/(-11). Let d = x + 13. What is m(d)?
7
Let a(w) = 4*w**2 - 5*w + 3. Let u be (18/(-117))/(2/(-26)). Give a(u).
9
Suppose 431*h - 120 = 430*h. Let y(f) = 221 - 111 - f - h. What is y(-13)?
3
Let j(q) = -5*q**2 + 20*q + 211. Let r be j(-5). Let m(s) = -s**2 - 14*s + 11. Calculate m(r).
11
Let m(z) = 2*z + 4. Let h(c) = 9*c - 22 + 25 - 10 + 13*c - 20 + 2*c**2. Suppose 5*t = 4*l - 80, 0 = 2*t + l + l + 14. Let q be h(t). Calculate m(q).
-2
Suppose 344 = 93*f + 124*f - 45*f. Let j(b) = b**3 - 4*b**2 - 4*b + 10. Give j(f).
-6
Let x(o) = -5*o - 1. Let f(k) = -6*k + 24. Let l be f(3). Suppose 3*g + g + 4*s - 24 = 0, g = -2*s + 6. Suppose -g*j = -l + 18. Give x(j).
9
Let j(c) = 4*c**2 + 29*c + 4. Suppose -o + 10 = 3*g, -3*o + 3*g + 29 = 11. Let v(k) = -k + k - k**2 - 1 + 0*k - o*k. Let b(d) = 2*j(d) + 9*v(d). Give b(-5).
-1
Let h(g) = -g**3 + 4*g**2 - 2*g + 1. Let o(q) = 7*q - 31*q + 2 + 14*q + 8*q. Let a be o(-1). Suppose -2*z + 5 = 3*p, 2 + 0 = -2*p - a*z. Calculate h(p).
4
Suppose -1 = -s - 2*v, 0*s + 3*s - 5*v + 41 = 0. Let o(m) be the third derivative of m**6/120 + m**5/10 - m**4/6 + 5*m**3/3 - 109*m**2. Calculate o(s).
-11
Let i(y) = -y**3 - 4*y**2 + y + 4. Let u(o) = 5*o**2 + 11*o - 9. Let c(q) = -9*q**2 - 20*q + 16. Let w(j) = 4*c(j) + 7*u(j). Let d be w(1). Determine i(d).
-8
Let m(p) = -p**2 - 9*p + 71. Suppose -382*v - 102*v + 1069 = 7845. Calculate m(v).
1
Let z(m) = 295*m**3 - 294*m**3 - 93*m - 3*m**2 - 3*m**2 + 90*m - 2. Determine z(7).
26
Let y = -223 + 224. Suppose 7*v - y = 8*v. Let j(x) = 6*x**2 - 2*x - 1. Determine j(v).
7
Let l(b) be the first derivative of -b**3/3 - 3*b**2/2 + 2*b - 1603. Determine l(5).
-38
Let w(d) = 9*d**2 - d. Suppose 20 = -20*r - 220. Let b be (8/24)/((-4)/r). What is w(b)?
8
Let u(n) be the second derivative of -21*n**5/20 + n**3/3 - n**2/2 - 6072*n. Suppose -2*k + k = -1. What is u(k)?
-20
Let j(g) be the first derivative of g**6/120 + g**5/20 - g**4/8 - g**3/2 - 22*g**2 + 57. Let a(i) be the second derivative of j(i). Calculate a(-4).
-7
Let v = 11 + -17. Let b be (v/7)/((-3)/14). Let x(m) = -5*m**3 + b*m**3 + m - 4*m**2 - 3*m + 3*m. Calculate x(-4).
-4
Let w be (2/5)/(6/(-120)). Let u(z) be the second derivative of z**5/20 + 3*z**4/4 + 5*z**3/3 + 4*z**2 + 436*z. Give u(w).
-8
Let t(a) = -3 + 4*a**3 + a**3 - 3*a - 6*a**3 + 6*a**2. Suppose 13*j - 7*j - 24 = 0. Suppose -j*v - 20 = -8*v. Calculate t(v).
7
Let v(k) = 34721 - 14*k**2 + 14*k - 34751 + 3*k**3 - 2*k**3. Give v(13).
-17
Suppose -13*b = -4*b - 27*b - 270. Let w(y) = 5*y + 52. What is w(b)?
-23
Let m = 164 - 161. Let d(w) = 8*w - 4*w**2 - 2*w**2 - 2*w**2 + 2*w**3 - 3*w**m + 4 + w**2. Give d(-8).
4
Let n(d) be the first derivative of d**4/4 + 5*d**3/3 + 2*d**2 + 5*d - 1. Let f = 44 + 56. Let q be (-16)/104 - f/26. What is n(q)?
5
Let b(a) = a**2 - 3*a - 4. Suppose 0*i - 34 = -5*i + u, -i + 3*u = -18. Let k(c) = 2*c**2 + 1 - 12 + c - 14*c + 14. Let w be k(i). Calculate b(w).
14
Let d(z) be the second derivative of z**5/20 - z**4/6 - z**3/3 - z**2 - 2*z. Let m(b) = b**3 + 9*b**2 - 2*b - 57. Let p be m(-3). What is d(p)?
1
Let r(c) = -134*c - 931. Let t be r(-7). Let j(s) = -s**3 + 4*s**2 + 15*s + 4. Determine j(t).
-38
Let t(f) = 0 - 3*f - 6 + 4 - 4. Let y be t(0). Let k(m) = -2*m + 893 + m**2 + 9*m - 884 + 3*m. What is k(y)?
-15
Let r(p) = p**3 - p - 10. Suppose -z = 32*s - 34*s + 13, -5*z + 2*s - 25 = 0. Let o be z/42 + 27/378. Determine r(o).
-10
Let r(q) = -q**3 + 23*q**2 - 24*q + 19. Let y(a) = 493*a + 1501. Let i be y(-3). What is r(i)?
-25
Let f(z) be the second derivative of -1/6*z**3 + 1/2*z**2 + 93*z + 0. Give f(1).
0
Let k(v) = 1 - 2*v + 4 + 7*v. Suppose -78*p + 83*p - 25 = 0. Give k(p).
30
Let s = 117 + -121. Let c(t) = 3*t + 5. Let o(p) = -2*p - 4. Let g(j) = s*o(j) - 3*c(j). Give g(-4).
5
Suppose -20*q + 1828 + 2312 = 0. Suppose 26*p - 3*p - q = 0. Let i(f) = f + 4